3
Let c(q) = 5*q**2 + 7*q + 10. Let z(f) = 11*f**2 + 15*f + 21. Let p(r) = -13*c(r) + 6*z(r). What is p(6)?
26
Let h(u) = -u**2 - 3*u + 7. Let k(p) = p**3 - 13*p**2 + 13*p - 17. Let w be k(12). Determine h(w).
-3
Let f(d) = -5*d + 1. Let z(x) = -x. Let b(m) = f(m) - 6*z(m). What is b(-2)?
-1
Let a be (-1 + 6)/(-3 + 2). Let g(w) be the second derivative of w**5/20 + 5*w**4/12 - w**3/6 - 3*w**2 - 46*w. Give g(a).
-1
Let s(n) = -2*n + 4 - 4 + 8. Calculate s(7).
-6
Suppose 0*q = -5*q - 15. Let f(k) = -k**3 - 4*k**2 - 3*k - 1. Let i be f(q). Let c(p) be the second derivative of -p**4/12 - p**3/6 - p. Calculate c(i).
0
Let j = -3 + -1. Let i be (-4 - j) + (0 - 3). Let u(r) = -2*r**2 - 5*r - 3. Determine u(i).
-6
Let o(c) be the third derivative of 1/60*c**5 + 0 + 1/8*c**4 + c**2 + 0*c - 1/120*c**6 + 1/3*c**3. Let p = 1 - -2. Determine o(p).
-7
Let l(r) = -3*r - 5. Let j(f) = -6*f - 10. Suppose m - 45 = -4*m. Let w(y) = m*l(y) - 4*j(y). Let d = 2 + -6. Give w(d).
7
Let n = 9 - 5. Suppose -q = 5*b + 5 + 13, -24 = 4*b - n*q. Let f(j) = j**2 + 10*j + 5. Let s(w) = -w**2 - 11*w - 5. Let x(d) = 4*f(d) + 3*s(d). Give x(b).
-7
Let k be (-1)/2*(-30)/5. Let x = k + -1. Let b(l) = -4 + 0*l + 2*l + 11 + l**x - l. What is b(0)?
7
Let c(a) = 10*a**3 + 3*a**2 + 7*a + 5. Let n(u) = -7*u**3 - 2*u**2 - 5*u - 3. Let y(v) = v + 3. Let s be y(-8). Let t(p) = s*c(p) - 7*n(p). Determine t(0).
-4
Let d(v) be the second derivative of -1/12*v**4 - 1/2*v**3 - 1/20*v**5 - 3/2*v**2 + 0 - 3*v. Determine d(-2).
7
Let s = -27 - 27. Let t be ((-8)/18)/(12/s). Let w(h) = -3*h + 1. Let l(z) = -12*z + 5. Let q(a) = 2*l(a) - 9*w(a). Calculate q(t).
7
Let o(n) = 4*n - 4 + 5*n**2 + 5*n**2 + n**3 - n**2 - 2*n**2. Let i(z) = -z**3 - 8*z**2 - 5*z + 4. Let f(g) = 3*i(g) + 4*o(g). What is f(-4)?
-8
Suppose 4 = c - 0. Let h(g) = 3*g + g**3 + 4*g**2 - g - 2*g**3 + 0*g - 1. Give h(c).
7
Let h(r) = r + 11. Suppose -5*g = -2*i - 8, -2 = 3*g - 2*i - 10. Determine h(g).
11
Let i(v) = 2*v**2 + v + 2. Let x be (-27)/12 + 1/4. What is i(x)?
8
Let x(c) = -c - 1. Let s be 1*(-3)/(-9)*0. Calculate x(s).
-1
Let d be (-6)/9 - 10/3. Suppose -26 = -3*r + 3*u + u, -5*r = 3*u + 5. Let g(c) = 0 - 2 - 27*c**2 + 2*c + 28*c**r. Calculate g(d).
6
Let u(p) be the second derivative of p**3/6 + 3*p**2 + 35*p. Give u(6).
12
Suppose k + 5*c = -18, -k - c + 6 = -4*k. Let v(u) = u**2 + 3*u + 2. Determine v(k).
2
Let i(u) be the first derivative of -u**4/4 - 5*u**3/3 - u**2 + 3*u - 1. Suppose 0*l + 20 = 5*l. Suppose -j + 1 = -3*k + l*k, 4*k - 40 = 5*j. Determine i(j).
-5
Let d be (-13)/(-6) - 6/3. Let j(h) be the second derivative of -d*h**3 - 3*h**2 + 5/12*h**4 - 1/20*h**5 + 3*h + 0. Give j(5).
-11
Let s(o) be the first derivative of -o**4/4 + 2*o**3/3 - o**2 + o - 23. Determine s(1).
0
Let u(x) = 9*x - 1. Suppose 0 = s - 5*p + 6 + 8, -s + 10 = p. Let h = s + -5. Give u(h).
8
Let u(d) = -d**3 - 2*d**2 + 6*d + 1. Let t(m) = -m**2 - 4*m + 1. Let b be t(-5). Calculate u(b).
9
Suppose 2*p - 39 = -29. Let f(w) = -w**3 + 4*w**2 + 5*w + 3. What is f(p)?
3
Let j = -4 + 0. Let s(b) = -b**2 - b. Let k(z) = z**2 - 3*z - 1. Let m = 3 - 5. Let x(p) = m*s(p) - k(p). Calculate x(j).
-3
Let k(m) = -m - 10. Suppose 2*v - 3*v = 5. Give k(v).
-5
Let f(p) = -4*p + 0 - 8 + 2*p. Let s = -98 - -91. What is f(s)?
6
Let t(q) = -q**3 - 7*q**2 + q + 9. Let h be t(-7). Let v(n) = 2*n**2 - 3*n. Calculate v(h).
2
Let b(q) = -2*q + 3. Let c(n) = -10*n + 15. Let s(h) = 22*b(h) - 4*c(h). Determine s(5).
-14
Let z be (-5)/((-3 - -6)/3). Let m = -1 + 3. Let l(c) = -2 - c**m - c - 2*c - 2*c. Calculate l(z).
-2
Let m(p) = 6*p - 7*p - 4*p**2 - 5*p + 5. Let n(h) = h**2 + h - 1. Let d = -3 + 14. Let q(b) = d*n(b) + 2*m(b). Calculate q(-1).
3
Let y(o) be the third derivative of -o**5/60 + o**4/24 - 2*o**3/3 - 27*o**2. Give y(0).
-4
Let x(z) = 5*z + 0 - 4 + 3 + z**2. Determine x(-6).
5
Let t(q) be the second derivative of -4*q + 1/2*q**2 - 1/6*q**4 - 1/6*q**3 + 0 - 1/10*q**5. What is t(-2)?
11
Suppose 0 = u + 1. Let n(y) = -y**3 - y**2 + y. Let t(g) = g**3 + 6*g**2 + g - 1. Let l(h) = u*t(h) - 2*n(h). Give l(4).
-11
Suppose 35 = -10*d + 3*d. Let k(i) = -2*i - 6. Give k(d).
4
Let k(p) = 4*p**2 - 13*p - 3. Let c be k(4). Let v(g) = -g**3 + 10*g**2 - 9*g + 1. What is v(c)?
1
Let a = 19 - 16. Let u(j) = 3*j - 2. Give u(a).
7
Let m(t) = 9 + 0*t**2 + 8*t + 5*t**2 - 5*t**2 + t**3 + 7*t**2. Calculate m(-6).
-3
Suppose 5*n - n - 16 = 0. Suppose 5*k - 25 = n*q, 5 + 5 = -q + 2*k. Let l(j) = j + 1. Give l(q).
1
Let a(t) = -t**2 + 7*t. Suppose 5*k + 0*x - 46 = -2*x, -4*k - 4*x = -44. Suppose 5*u + 12 = k*u. Suppose u*o - 10 = 2*o. Give a(o).
10
Let f(g) = -4*g**3 - 1. Let h be f(-1). Let o(w) = -w**3 + 3*w**2 - w + 3. Let v(u) = -1. Let m(k) = -o(k) - 2*v(k). Give m(h).
2
Let l(h) = h + 4. Let b = -2 - 0. Let q = b + 2. Calculate l(q).
4
Suppose -17 = -3*i - 5. Let m(n) = -4*n**2 + 2 + 1 + 3*n**2 - i. What is m(-2)?
-5
Let g(i) = i**3 - 5*i**2 + 3*i. Let q(u) = 5*u**2 - 3*u + 1. Let l be q(1). Give g(l).
-9
Let z(s) be the first derivative of -s**3/3 - 2*s**2 + s - 10. Suppose -7*a + 30 = -2*a. Let p be a*(-1)/(6/4). What is z(p)?
1
Let v be 3/(-4)*(-7 + -1). Let i(r) be the second derivative of r**3/6 + r**2 - 3*r. What is i(v)?
8
Let c(b) be the third derivative of -b**6/40 - b**5/20 + b**3/6 + 25*b**2. What is c(-2)?
13
Let t(q) = q**3 + 3*q**2 - 7*q - 5. Suppose -103 = -5*w + d, 16 + 32 = 3*w + 4*d. Suppose 2*y - w = 7*y. What is t(y)?
7
Let n(m) = 3*m. Let u be 1 - 1/(1/(-3)). Suppose u*j + 15 - 7 = 0. Determine n(j).
-6
Let v(l) be the third derivative of -l**6/120 - l**5/60 + l**3/6 + 2*l**2 - 2*l. Let i(m) = 2*m - 3. Let k be i(2). What is v(k)?
-1
Let h(b) = 5*b**2 - 24*b + 20*b - 3*b**2 + 2. Determine h(3).
8
Let m(h) = -h**2 - 8*h + 38. Let o be m(-11). Let r(l) = -3*l + 2*l + 2 + 0*l. Let b(z) = -2*z + 3. Let w(n) = 3*b(n) - 7*r(n). What is w(o)?
0
Let k = 59 + -53. Let u(t) = -t**2 + 5*t + 1. Determine u(k).
-5
Let s(n) = -2*n**2 - n + 4. Let r = 27 + -24. Give s(r).
-17
Let f = -6 + 9. Suppose i + 0*i = f. Let a(h) = -2*h + 4*h**2 - h**3 + 2 + 2 + 0*h. Calculate a(i).
7
Let o(i) be the second derivative of 1/60*i**5 + 1/2*i**2 + 2*i + 1/12*i**4 + 0 + 0*i**3. Let z(l) be the first derivative of o(l). Give z(-3).
3
Let s(k) = -k**3 - 5*k**2 - 4*k + 3. Let v be s(-4). Let l(d) = -2*d - 3*d**2 + 0*d**3 - 1 + d**v - 1. Determine l(4).
6
Let u(h) = h - 3*h + 2*h**2 + h**3 + 4 - 6*h**2. Let x(f) = -f**3 - 9*f**2 + 4. Let q be x(-9). Suppose 0 = q*n - 8, 0 = p + 5*n - 11 - 2. What is u(p)?
-11
Let h(z) = -4*z - 1. Let a(k) = -11*k - 4. Let w = -4 - -12. Let g(r) = w*h(r) - 3*a(r). Let d be 13/(-5) + 4/(-10). Determine g(d).
1
Let o be (3/(-3) - -6) + 1. Suppose 0*b = -3*b - o. Let x(r) = r**2 + r + 1. Give x(b).
3
Let o(r) = r + 2. Let s(z) = 2*z**3 + z. Let g be s(-1). Give o(g).
-1
Let v(j) = j**3 + 4*j**2 - 2*j - 3 + 2*j - 3*j - 6*j**2. Determine v(-2).
-13
Let y(o) = -o**3 - 2*o**2 + o - 1. Let u be y(0). Let p(x) = -5*x - 1. Give p(u).
4
Let f be (-24)/32 + 22/8. Let m(z) = -2*z**f - 2 + z**2 + 3 + 0. Calculate m(-2).
-3
Let z(l) = l + 6. Suppose 4*r = -r + 25. Let d(t) = -2*t - 7. Let v(i) = r*d(i) + 6*z(i). Calculate v(-1).
5
Let c(q) be the first derivative of q**2/2 + 2*q - 18. Determine c(5).
7
Let t(k) be the second derivative of -2*k**3/3 + 3*k**2 + 39*k. Determine t(-5).
26
Let a(m) = 11*m**3 + m**2 - 1. Let h be -3 - 5/(-1) - -2. Suppose -1 + 3 = h*k - 2*d, -d = -1. Calculate a(k).
11
Let l(c) = -3*c + 0*c + 2 + 2 + 0*c. Give l(3).
-5
Let n(h) = h**3 - 3*h**2 - 7*h + 1. Suppose -2 - 8 = -2*v. Calculate n(v).
16
Let y(j) be the third derivative of 1/30*j**5 + 4*j**2 - 1/8*j**4 + 0 + 0*j - 1/6*j**3 + 1/120*j**6. What is y(-2)?
5
Let z(l) = l**3 + 6*l**2 + 8*l - 1. Let w be z(-4). Let u(q) = 10*q**3 + 2*q**2 - 1. Determine u(w).
-9
Let q(j) = j**2 + 6*j + 10. Let d be q(-5). Let w(g) = 8 - 7 - d*g + 6 - g**2. Determine w(-5).
7
Let c(z) = -z + 12. Let n be c(6). Suppose -n = 3*b - 21. Let s(g) = -4 - g**3 + 5*g**3 - 3*g**3 - b*g + 3*g**2. Calculate s(-4).
0
Let i(m) = m**3 + m**2 + m + 1. Let o(f) = 5*f**3 + 7*f**2 + 4*f + 4. Let s(h) = -4*i(h) + o(h). Give s(-2).
4
Let z = 144 + -153. Let u(q) = q + 7. What is u(z)?
-2
Let k(i) be the third derivative of